{"version":"1.0","provider_name":"Yucat\u00e1n en corto","provider_url":"https:\/\/www.yucatanencorto.com\/noticias","author_name":"Redes","author_url":"https:\/\/www.yucatanencorto.com\/noticias\/author\/redes\/","title":"Amazon y Yucat\u00e1n fortalecer\u00e1n uni\u00f3n - Yucat\u00e1n en corto","type":"rich","width":600,"height":338,"html":"<blockquote class=\"wp-embedded-content\" data-secret=\"teJxtoY9RP\"><a href=\"https:\/\/www.yucatanencorto.com\/noticias\/amazon-y-yucatan-fortaleceran-union\/\">Amazon y Yucat\u00e1n fortalecer\u00e1n uni\u00f3n<\/a><\/blockquote><iframe sandbox=\"allow-scripts\" security=\"restricted\" src=\"https:\/\/www.yucatanencorto.com\/noticias\/amazon-y-yucatan-fortaleceran-union\/embed\/#?secret=teJxtoY9RP\" width=\"600\" height=\"338\" title=\"\u00abAmazon y Yucat\u00e1n fortalecer\u00e1n uni\u00f3n\u00bb \u2014 Yucat\u00e1n en corto\" data-secret=\"teJxtoY9RP\" frameborder=\"0\" marginwidth=\"0\" marginheight=\"0\" scrolling=\"no\" class=\"wp-embedded-content\"><\/iframe><script type=\"text\/javascript\">\n\/* <![CDATA[ *\/\n\/*! This file is auto-generated *\/\n!function(d,l){\"use strict\";l.querySelector&&d.addEventListener&&\"undefined\"!=typeof URL&&(d.wp=d.wp||{},d.wp.receiveEmbedMessage||(d.wp.receiveEmbedMessage=function(e){var t=e.data;if((t||t.secret||t.message||t.value)&&!\/[^a-zA-Z0-9]\/.test(t.secret)){for(var s,r,n,a=l.querySelectorAll('iframe[data-secret=\"'+t.secret+'\"]'),o=l.querySelectorAll('blockquote[data-secret=\"'+t.secret+'\"]'),c=new RegExp(\"^https?:$\",\"i\"),i=0;i<o.length;i++)o[i].style.display=\"none\";for(i=0;i<a.length;i++)s=a[i],e.source===s.contentWindow&&(s.removeAttribute(\"style\"),\"height\"===t.message?(1e3<(r=parseInt(t.value,10))?r=1e3:~~r<200&&(r=200),s.height=r):\"link\"===t.message&&(r=new URL(s.getAttribute(\"src\")),n=new URL(t.value),c.test(n.protocol))&&n.host===r.host&&l.activeElement===s&&(d.top.location.href=t.value))}},d.addEventListener(\"message\",d.wp.receiveEmbedMessage,!1),l.addEventListener(\"DOMContentLoaded\",function(){for(var e,t,s=l.querySelectorAll(\"iframe.wp-embedded-content\"),r=0;r<s.length;r++)(t=(e=s[r]).getAttribute(\"data-secret\"))||(t=Math.random().toString(36).substring(2,12),e.src+=\"#?secret=\"+t,e.setAttribute(\"data-secret\",t)),e.contentWindow.postMessage({message:\"ready\",secret:t},\"*\")},!1)))}(window,document);\n\/\/# sourceURL=https:\/\/www.yucatanencorto.com\/noticias\/wp-includes\/js\/wp-embed.min.js\n\/* ]]> *\/\n<\/script>\n","thumbnail_url":"https:\/\/www.yucatanencorto.com\/noticias\/wp-content\/uploads\/2023\/12\/image00001-13.png","thumbnail_width":768,"thumbnail_height":582,"description":"Washington, D.C., Estados Unidos, 2 de diciembre de 2023.- Como parte de la misi\u00f3n comercial que realiza por Washington, D.C., Estados Unidos, el Gobernador Mauricio Vila Dosal se reuni\u00f3 con directivos de la firma de servicios tecnol\u00f3gicos de Amazon, con quienes acord\u00f3 continuar fortaleciendo la presencia de la empresa de clase mundial en la entidad [&hellip;]"}

Yucatán en corto

Amazon y Yucatán fortalecerán unión - Yucatán en corto

<blockquote class="wp-embedded-content" data-secret="teJxtoY9RP"><a href="https://www.yucatanencorto.com/noticias/amazon-y-yucatan-fortaleceran-union/">Amazon y Yucatán fortalecerán unión</a></blockquote><iframe sandbox="allow-scripts" security="restricted" src="https://www.yucatanencorto.com/noticias/amazon-y-yucatan-fortaleceran-union/embed/#?secret=teJxtoY9RP" width="600" height="338" title="«Amazon y Yucatán fortalecerán unión» — Yucatán en corto" data-secret="teJxtoY9RP" frameborder="0" marginwidth="0" marginheight="0" scrolling="no" class="wp-embedded-content"></iframe><script type="text/javascript">
/* <![CDATA[ */
/*! This file is auto-generated */
!function(d,l){"use strict";l.querySelector&&d.addEventListener&&"undefined"!=typeof URL&&(d.wp=d.wp||{},d.wp.receiveEmbedMessage||(d.wp.receiveEmbedMessage=function(e){var t=e.data;if((t||t.secret||t.message||t.value)&&!/[^a-zA-Z0-9]/.test(t.secret)){for(var s,r,n,a=l.querySelectorAll('iframe[data-secret="'+t.secret+'"]'),o=l.querySelectorAll('blockquote[data-secret="'+t.secret+'"]'),c=new RegExp("^https?:$","i"),i=0;i<o.length;i++)o[i].style.display="none";for(i=0;i<a.length;i++)s=a[i],e.source===s.contentWindow&&(s.removeAttribute("style"),"height"===t.message?(1e3<(r=parseInt(t.value,10))?r=1e3:~~r<200&&(r=200),s.height=r):"link"===t.message&&(r=new URL(s.getAttribute("src")),n=new URL(t.value),c.test(n.protocol))&&n.host===r.host&&l.activeElement===s&&(d.top.location.href=t.value))}},d.addEventListener("message",d.wp.receiveEmbedMessage,!1),l.addEventListener("DOMContentLoaded",function(){for(var e,t,s=l.querySelectorAll("iframe.wp-embedded-content"),r=0;r<s.length;r++)(t=(e=s[r]).getAttribute("data-secret"))||(t=Math.random().toString(36).substring(2,12),e.src+="#?secret="+t,e.setAttribute("data-secret",t)),e.contentWindow.postMessage({message:"ready",secret:t},"*")},!1)))}(window,document);
//# sourceURL=https://www.yucatanencorto.com/noticias/wp-includes/js/wp-embed.min.js
/* ]]> */
</script>

Washington, D.C., Estados Unidos, 2 de diciembre de 2023.- Como parte de la misión comercial que realiza por Washington, D.C., Estados Unidos, el Gobernador Mauricio Vila Dosal se reunió con directivos de la firma de servicios tecnológicos de Amazon, con quienes acordó continuar fortaleciendo la presencia de la empresa de clase mundial en la entidad [&hellip;]
